 the remainder when 908624 is divided by 631.
615
Calculate the remainder when 10768 is divided by 10760.
8
What is the remainder when 736757 is divided by 36?
17
Calculate the remainder when 27190697 is divided by 256.
169
Calculate the remainder when 29185 is divided by 381.
229
What is the remainder when 21812011 is divided by 28000?
11
What is the remainder when 180143169 is divided by 28?
17
Calculate the remainder when 2408524 is divided by 16.
12
What is the remainder when 12929666 is divided by 67342?
2
What is the remainder when 21718752 is divided by 303?
15
What is the remainder when 1699903 is divided by 4858?
4461
What is the remainder when 1598163 is divided by 1678?
707
Calculate the remainder when 4510705 is divided by 314.
95
Calculate the remainder when 29347 is divided by 5817.
262
Calculate the remainder when 3773109 is divided by 75.
9
What is the remainder when 39333287 is divided by 804?
803
What is the remainder when 8030926 is divided by 5616?
46
What is the remainder when 2855484 is divided by 2855458?
26
What is the remainder when 66555 is divided by 3626?
1287
Calculate the remainder when 2201878 is divided by 325.
3
Calculate the remainder when 1447518 is divided by 361.
269
What is the remainder when 1524153 is divided by 2881?
104
What is the remainder when 150041595 is divided by 150041580?
15
What is the remainder when 12186133 is divided by 65?
63
What is the remainder when 161116 is divided by 490?
396
Calculate the remainder when 72654 is divided by 308.
274
What is the remainder when 2578621 is divided by 32?
29
Calculate the remainder when 898930 is divided by 179783.
15
Calculate the remainder when 2761959 is divided by 690445.
179
What is the remainder when 694641 is divided by 885?
801
What is the remainder when 1440649 is divided by 41?
32
What is the remainder when 36318 is divided by 4425?
918
Calculate the remainder when 40336510 is divided by 53.
12
What is the remainder when 263163512 is divided by 8967?
8963
Calculate the remainder when 24896505 is divided by 12448252.
1
What is the remainder when 396046 is divided by 26399?
61
What is the remainder when 11034949 is divided by 18?
13
What is the remainder when 1695909 is divided by 121136?
5
What is the remainder when 463228 is divided by 14942?
26
What is the remainder when 1929202 is divided by 8072?
8066
What is the remainder when 5637546 is divided by 256252?
2
What is the remainder when 11690897 is divided by 460?
457
What is the remainder when 28913049 is divided by 222?
213
What is the remainder when 107386 is divided by 10730?
86
Calculate the remainder when 4595504 is divided by 29.
19
What is the remainder when 2248951 is divided by 1595?
1
Calculate the remainder when 95606 is divided by 683.
669
What is the remainder when 117236 is divided by 23445?
11
Calculate the remainder when 152025 is divided by 151900.
125
What is the remainder when 13433054 is divided by 4477617?
203
What is the remainder when 14943 is divided by 2528?
2303
Calculate the remainder when 37040 is divided by 2124.
932
Calculate the remainder when 9194770 is divided by 678.
412
What is the remainder when 215251 is divided by 75?
1
What is the remainder when 27434762 is divided by 247?
225
What is the remainder when 849666 is divided by 1081?
0
What is the remainder when 23160 is divided by 448?
312
Calculate the remainder when 1122175 is divided by 8.
7
What is the remainder when 176776728 is divided by 1241?
1
What is the remainder when 2972 is divided by 1773?
1199
Calculate the remainder when 18733 is divided by 2719.
2419
What is the remainder when 83944 is divided by 2187?
838
What is the remainder when 4478481 is divided by 2239200?
81
Calculate the remainder when 173173 is divided by 15742.
11
Calculate the remainder when 19068413 is divided by 423.
419
What is the remainder when 12433684 is divided by 29?
21
Calculate the remainder when 873485 is divided by 10122.
2993
Calculate the remainder when 53399 is divided by 4064.
567
Calculate the remainder when 71765225 is divided by 2484.
2465
What is the remainder when 6120758 is divided by 737?
710
What is the remainder when 13305 is divided by 10529?
2776
Calculate the remainder when 12289 is divided by 2006.
253
What is the remainder when 304539 is divided by 773?
750
What is the remainder when 739366 is divided by 9858?
16
Calculate the remainder when 10437472 is divided by 1007.
924
Calculate the remainder when 47501 is divided by 7870.
281
What is the remainder when 1747599 is divided by 26478?
51
What is the remainder when 37612862 is divided by 4701607?
6
What is the remainder when 1431089 is divided by 635?
434
What is the remainder when 18186 is divided by 67?
29
What is the remainder when 93514 is divided by 23375?
14
What is the remainder when 42673170 is divided by 91?
85
What is the remainder when 81845 is divided by 204?
41
Calculate the remainder when 545389 is divided by 1196.
13
What is the remainder when 111512 is divided by 1768?
128
Calculate the remainder when 691111 is divided by 1287.
1279
What is the remainder when 623538 is divided by 535?
263
What is the remainder when 2844391 is divided by 31?
17
Calculate the remainder when 3278901 is divided by 2211.
2199
What is the remainder when 141736859 is divided by 305?
4
Calculate the remainder when 24600 is divided by 1218.
240
Calculate the remainder when 14903 is divided by 2463.
125
Calculate the remainder when 15106794 is divided by 686669.
76
Calculate the remainder when 57947 is divided by 5261.
76
What is the remainder when 23953149 is divided by 628?
601
What is the remainder when 920238 is divided by 153220?
918
What is the remainder when 470893 is divided by 321?
307
What is the remainder when 265762 is divided by 16568?
674
Calculate the remainder when 400898 is divided by 442.
4
Calculate the remainder when 560956 is divided by 12980.
2816
Calculate the remainder when 1161809 is divided by 1583.
1470
What is the remainder when 2087165518 is divided by 1488?
1486
Calculate the remainder when 18491447 is divided by 48.
23
Calculate the remainder when 3065978 is divided by 820.
818
Calculate the remainder when 1480028023 is divided by 175.
173
Calculate the remainder when 1920004 is divided by 191999.
14
Calculate the remainder when 1543863 is divided by 118756.
35
What is the remainder when 506185 is divided by 2747?
737
What is the remainder when 2286961 is divided by 457383?
46
What is the remainder when 682885 is divided by 682882?
3
Calculate the remainder when 142440 is divided by 71154.
132
What is the remainder when 451253 is divided by 14099?
85
What is the remainder when 1825834 is divided by 9711?
166
Calculate the remainder when 6175 is divided by 5968.
207
What is the remainder when 2784778 is divided by 13198?
0
Calculate the remainder when 37206643 is divided by 61.
59
What is the remainder when 2997046 is divided by 1831?
1530
What is the remainder when 980655 is divided by 217?
32
What is the remainder when 3353934 is divided by 21?
3
What is the remainder when 39619 is divided by 11986?
3661
What is the remainder when 3129 is divided by 190?
89
What is the remainder when 1628304 is divided by 558?
60
Calculate the remainder when 2181859 is divided by 50.
9
Calculate the remainder when 15905879 is divided by 1445955.
374
Calculate the remainder when 143043239 is divided by 39.
14
Calculate the remainder when 10102741 is divided by 1033.
1
Calculate the remainder when 395357 is divided by 262.
261
Calculate the remainder when 852445 is divided by 284066.
247
What is the remainder when 886930 is divided by 2082?
2080
What is the remainder when 13537 is divided by 19?
9
What is the remainder when 95377944 is divided by 589?
585
What is the remainder when 10075 is divided by 9?
4
Calculate the remainder when 3095226 is divided by 1547590.
46
Calculate the remainder when 3336307 is divided by 3826.
35
Calculate the remainder when 57135467 is divided by 1633.
63
Calculate the remainder when 1430989 is divided by 715420.
149
Calculate the remainder when 21633039 is divided by 5499.
5472
Calculate the remainder when 72694 is divided by 11816.
1798
What is the remainder when 29353104 is divided by 3499?
3492
Calculat